{"id":1895,"date":"2024-08-19T11:09:15","date_gmt":"2024-08-19T15:09:15","guid":{"rendered":"https:\/\/ww2.funproeibandes.org\/?page_id=1895"},"modified":"2025-04-01T12:50:32","modified_gmt":"2025-04-01T16:50:32","slug":"2013-2017","status":"publish","type":"page","link":"https:\/\/www.funproeibandes.org\/?page_id=1895","title":{"rendered":"2013 &#8211; 2017"},"content":{"rendered":"<p>[et_pb_section fb_built=\u00bb1&#8243; admin_label=\u00bbDepartments\u00bb _builder_version=\u00bb4.16&#8243; _module_preset=\u00bbdefault\u00bb background_color=\u00bb#F5F0EB\u00bb background_image=\u00bbhttps:\/\/ww2.funproeibandes.org\/wp-content\/uploads\/2024\/07\/high-school_41.png\u00bb background_size=\u00bbinitial\u00bb background_position=\u00bbtop_left\u00bb background_repeat=\u00bbrepeat-x\u00bb custom_padding=\u00bb100px||||false|false\u00bb global_colors_info=\u00bb{}\u00bb][et_pb_row _builder_version=\u00bb4.16&#8243; _module_preset=\u00bbdefault\u00bb global_colors_info=\u00bb{}\u00bb][et_pb_column type=\u00bb4_4&#8243; _builder_version=\u00bb4.16&#8243; _module_preset=\u00bbdefault\u00bb global_colors_info=\u00bb{}\u00bb][et_pb_text _builder_version=\u00bb4.27.0&#8243; _module_preset=\u00bbe598b17a-9229-42f6-b238-019d6094332e\u00bb header_font=\u00bbRoboto|500|||||||\u00bb header_text_color=\u00bb#000000&#8243; header_font_size=\u00bb80px\u00bb header_line_height=\u00bb1.15em\u00bb header_font_size_tablet=\u00bb40px\u00bb header_font_size_phone=\u00bb24px\u00bb header_font_size_last_edited=\u00bbon|desktop\u00bb locked=\u00bboff\u00bb global_colors_info=\u00bb{}\u00bb]<\/p>\n<h1>2013 &#8211; 2017<\/h1>\n<p>[\/et_pb_text][et_pb_text _builder_version=\u00bb4.27.0&#8243; _module_preset=\u00bbdefault\u00bb global_colors_info=\u00bb{}\u00bb]<\/p>\n<p style=\"text-align: justify;\"><strong>Fortalecimiento del Consejo Educativo del Pueblo Afroboliviano (CEPA), de su participaci\u00f3n social, con enfoque de g\u00e9nero y pertinencia sociocultural, y su articulaci\u00f3n al Consejo Nacional del Pueblo Afroboliviano (CONAFRO)<\/strong> (2013-2015), ejecutado con apoyo de SAIH para impulsar procesos de reflexi\u00f3n y aprendizaje en torno a la equidad de g\u00e9nero, la elaboraci\u00f3n de proyectos y el fortalecimiento organizativo del Pueblo Afroboliviano, marco en el cual se produjeron estudios y publicaciones sobre la vida de este Pueblo.<\/p>\n<p style=\"text-align: justify;\"><strong>Investigaciones sobre Pueblos Ind\u00edgenas, plurinacionalidad, multiling\u00fcismo y pol\u00edticas ling\u00fc\u00edsticas y educativas en Bolivia, Per\u00fa y Colombia<\/strong> (2013-2017), con apoyo de SAIH, para posicionar la revitalizaci\u00f3n cultural y ling\u00fc\u00edstica en instituciones p\u00fablicas y organizaciones ind\u00edgenas de Bolivia, Per\u00fa y Colombia, y construir estrategias y metodolog\u00edas para contribuir a la reversi\u00f3n de la p\u00e9rdida de lenguas ind\u00edgenas. Se realizaron estudios, seminarios internacionales, experiencias de revitalizaci\u00f3n ling\u00fc\u00edstica con los Pueblos Uru (Bolivia), Yagua (Per\u00fa) y Kizg\u00f3 (Colombia), instalaci\u00f3n de nidos ling\u00fc\u00edsticos, intercambio de experiencias entre pueblos ind\u00edgenas, sistematizaci\u00f3n de experiencias de reinstalaci\u00f3n de mecanismos de transmisi\u00f3n intergeneracional, formaci\u00f3n de l\u00edderes y profesionales ind\u00edgenas en socioling\u00fc\u00edstica y ling\u00fc\u00edstica aplicada.<\/p>\n<p style=\"text-align: justify;\"><strong>Diplomado en lectura y producci\u00f3n de textos en lengua moje\u00f1a<\/strong> (2013), con apoyo de SAIH para realizar dos diplomados en producci\u00f3n de textos en lengua moje\u00f1a, uno en la variante dialectal trinitaria y otra en la variante ignaciana, en coordinaci\u00f3n con el Consejo Educativo del Pueblo Moxe\u00f1o (CEPOIM); 56 hablantes del moxe\u00f1o fueron capacitados en la producci\u00f3n de textos, los cuales adem\u00e1s recuperaron saberes locales.<\/p>\n<p style=\"text-align: justify;\"><strong>Fortalecimiento de la capacidad t\u00e9cnica e incidencia pol\u00edtica de las secretar\u00edas educativas de las organizaciones sociales e ind\u00edgenas en Bolivia<\/strong> (2013-2017), ejecutado con apoyo de SAIH para fortalecer a los Consejos Educativos de Pueblos Originarios (CEPO) y a las secretar\u00edas educativas de las organizaciones ind\u00edgenas para la concreci\u00f3n de la educaci\u00f3n intracultural, intercultural y pluriling\u00fce, y la participaci\u00f3n social comunitaria. Se desarroll\u00f3 capacidades en l\u00edderes y dirigentes educativos de la Naci\u00f3n Uru, se realizaron acciones de alcance nacional de manera coordinada con los CEPO, el Instituto Plurinacional de Lengua y Cultura y la Unidad de Pol\u00edticas Intraculturales, Interculturales y Pluriling\u00fcismo, del Ministerio de Educaci\u00f3n, con la participaci\u00f3n de representantes de los diversos consejos educativos de pueblos originarios y miembros de institutos de lengua y cultura de los pueblos ind\u00edgenas de Bolivia.<\/p>\n<p style=\"text-align: justify;\"><strong>Diplomado en gesti\u00f3n educativa intracultural, intercultural y pluriling\u00fce dirigido a directores del sistema educativo plurinacional de Bolivia<\/strong> (2013, 2015-2016), con apoyo de SAIH, este diplomado tuvo como objetivo desarrollar capacidades de gesti\u00f3n educativa intracultural, intercultural y pluriling\u00fce entre directores de centros educativos. Se ejecut\u00f3 en coordinaci\u00f3n con el Servicio Departamental de Educaci\u00f3n de Cochabamba y la Direcci\u00f3n de Postgrado de la Facultad de Humanidades y Ciencias de la Educaci\u00f3n. Se realizaron tres versiones del curso, tres en Cochabamba y una en La Paz, en distintos a\u00f1os con la participaci\u00f3n de profesores y directores del sistema regular de educaci\u00f3n.<\/p>\n<p style=\"text-align: justify;\"><strong>Sistematizaci\u00f3n de saberes y pedagog\u00edas propias de los pueblos ind\u00edgenas y de experiencias de participaci\u00f3n social en la educaci\u00f3n<\/strong> (2013-2014), con apoyo financiero de UNESCO, bajo la supervisi\u00f3n de la Unidad de Pol\u00edticas Intraculturales, Interculturales y Pluriling\u00fcismo (UPIIP) del Ministerio de Educaci\u00f3n de Bolivia y en coordinaci\u00f3n estrecha de los Consejos Educativos de los Pueblos Originarios. Se elaboraron dos estudios, el primero sobre saberes ancestrales y pedagog\u00edas propias de los pueblos ind\u00edgenas; y el segundo de participaci\u00f3n social y comunitaria en la educaci\u00f3n desde la perspectiva ind\u00edgena.<\/p>\n<p style=\"text-align: justify;\"><strong>Diplomado en gesti\u00f3n de pol\u00edticas p\u00fablicas en educaci\u00f3n con enfoque intracultural e interculturalidad<\/strong> (2013), ejecutado con apoyo financiero de UNESCO, para dise\u00f1ar e implementaci\u00f3n un Diplomado semipresencial en gesti\u00f3n de pol\u00edticas p\u00fablicas en educaci\u00f3n con enfoque intracultural e intercultural, para docentes en ejercicio, funcionarios de las gobernaciones departamentales y de los Institutos de Lengua y Cultura (ILC) que dependen del Instituto Plurinacional de Estudios de Lenguas y Culturas (IPELC).<\/p>\n<p style=\"text-align: justify;\"><strong>Diplomado en lectura y producci\u00f3n de textos en lengua b\u00e9siro<\/strong> (2014), con apoyo de SAIH y en coordinaci\u00f3n con el Consejo Educativo del Pueblo Originario Chiquitano (CEPOCH) y el Departamento de Postgrado de la Facultad de Humanidades y Ciencias de la Educaci\u00f3n, de la Universidad Mayor de San Sim\u00f3n de Cochabamba, para, de manera semipresencial, contribuir a la reconstrucci\u00f3n de saberes locales sobre los sistemas de conocimiento propios del Pueblo Chiquitano y contribuir al fortalecimiento de su lengua.<\/p>\n<p style=\"text-align: justify;\"><strong>Diplomado en lectura y producci\u00f3n de textos en lengua guaraya<\/strong> (2016), ejecutado con apoyo de SAIH y en alianza con el Consejo Educativo del Pueblo Ind\u00edgena Guarayo (CEPIG) y el Instituto de la Lengua y Cultura Guaraya (ILCG), para la realizaci\u00f3n de un Curso presencial y virtual, bajo la caracter\u00edstica de la reconstrucci\u00f3n de saberes y conocimientos del Pueblo Guarayo y contribuir al fortalecimiento de su lengua.<\/p>\n<p style=\"text-align: justify;\"><strong>Diplomado en investigaci\u00f3n para la educaci\u00f3n superior intercultural<\/strong> (2016-2017), ejecutado con apoyo de SAIH y en alianza con la Direcci\u00f3n Acad\u00e9mica de la Facultad de Humanidades y Ciencias de la Educaci\u00f3n de la Universidad Mayor de San Sim\u00f3n (UMSS); se desarroll\u00f3 con participaci\u00f3n preponderante de docentes de esta entidad de educaci\u00f3n superior.<\/p>\n<p style=\"text-align: justify;\"><strong>Fortalecimiento del Consejo Educativo de la Naci\u00f3n Yurakar\u00e9 (CENY) e implementaci\u00f3n del curr\u00edculo regionalizado en la Comunidad Yurakar\u00e9 Monte Sina\u00ed desde el enfoque de la educaci\u00f3n intercultural biling\u00fce<\/strong> (2017), ejecutado con el apoyo financiero de LED y en alianza con las organizaciones ind\u00edgenas yurakar\u00e9s, para formar y capacitar a padres y madres de familia, profesores y estudiantes del nivel primario y secundario en la implementaci\u00f3n del curr\u00edculo regionalizado, la sistematizaci\u00f3n de saberes y conocimientos propios y la recuperaci\u00f3n de la lengua y cultura yurakar\u00e9.<\/p>\n<p style=\"text-align: justify;\"><strong>Diplomado en lectura y producci\u00f3n de textos en lengua uru<\/strong> (2017), ejecutado con apoyo de SAIH y en alianza con la Direcci\u00f3n Acad\u00e9mica de la Facultad de Humanidades y Ciencias de la Educaci\u00f3n de la Universidad Mayor de San Sim\u00f3n (UMSS), El Consejo Educativo de la Naci\u00f3n Uru (CENU) y el Instituto de Lengua y Cultura de la Naci\u00f3n Uru (ILCNU), para contribuir a la recuperaci\u00f3n de saberes, conocimientos y lengua de las comunidades Iruhito Urus y Chipaya as\u00ed como para desarrollar capacidades para la elaboraci\u00f3n de materiales educativos.<\/p>\n<p style=\"text-align: justify;\"><strong>Fortalecimiento a la Naci\u00f3n Yurakar\u00e9<\/strong> (2017), proyecto ejecutado con apoyo financiero de SAIH y en coordinaci\u00f3n con el Consejo Educativo de la Naci\u00f3n Yurakar\u00e9 (CENY), el Instituto de Lengua y Cultura de la Naci\u00f3n Yurakar\u00e9 (ILC-NY), la Gran Naci\u00f3n Yurakar\u00e9 de Cochabamba (GNYC), padres y madres de familia, j\u00f3venes, ni\u00f1os, sabios profesores y estudiantes de las comunidades. Se trabaj\u00f3 en las comunidades de La Misi\u00f3n, Puerto Victoria, Monte Sina\u00ed y el internado de estudiantes Nueva Vida, para contribuir a la revitalizaci\u00f3n de la lengua y la cultura yurakar\u00e9 y la implementaci\u00f3n del curr\u00edculo regionalizado.<\/p>\n<p>[\/et_pb_text][\/et_pb_column][\/et_pb_row][\/et_pb_section][et_pb_section fb_built=\u00bb1&#8243; admin_label=\u00bbFooter\u00bb _builder_version=\u00bb4.27.4&#8243; _module_preset=\u00bbdefault\u00bb background_color=\u00bb#511a1f\u00bb custom_margin=\u00bb||||false|false\u00bb global_colors_info=\u00bb{}\u00bb theme_builder_area=\u00bbpost_content\u00bb][et_pb_row column_structure=\u00bb1_4,1_4,1_4,1_4&#8243; use_custom_gutter=\u00bbon\u00bb gutter_width=\u00bb1&#8243; make_equal=\u00bbon\u00bb _builder_version=\u00bb4.27.4&#8243; _module_preset=\u00bbdefault\u00bb max_width=\u00bb1440px\u00bb custom_margin=\u00bb-90px||||false|false\u00bb custom_padding=\u00bb0px||||false|false\u00bb global_colors_info=\u00bb{}\u00bb theme_builder_area=\u00bbpost_content\u00bb][et_pb_column type=\u00bb1_4&#8243; _builder_version=\u00bb4.24.2&#8243; _module_preset=\u00bbdefault\u00bb background_color=\u00bb#9a5b2f\u00bb background_image=\u00bbhttps:\/\/ww2.funproeibandes.org\/wp-content\/uploads\/2024\/02\/high-school_17.png\u00bb background_size=\u00bbinitial\u00bb background_position=\u00bbtop_right\u00bb background_repeat=\u00bbrepeat-y\u00bb custom_padding=\u00bb40px|40px|40px|20px|true|false\u00bb custom_padding_tablet=\u00bb40px||40px||true|false\u00bb custom_padding_phone=\u00bb30px|20px|30px|20px|true|true\u00bb custom_padding_last_edited=\u00bboff|desktop\u00bb global_colors_info=\u00bb{}\u00bb theme_builder_area=\u00bbpost_content\u00bb][et_pb_text _builder_version=\u00bb4.24.2&#8243; _module_preset=\u00bb5c989a74-8649-4b9a-a4a2-6d2b8ae2551c\u00bb header_4_font=\u00bbRoboto|700||on|||||\u00bb header_4_text_color=\u00bbrgba(255,255,255,0.5)\u00bb header_4_font_size=\u00bb12px\u00bb header_4_letter_spacing=\u00bb3px\u00bb header_4_line_height=\u00bb1.5em\u00bb custom_margin=\u00bb||0px||false|false\u00bb custom_margin_tablet=\u00bb30px||||false|false\u00bb custom_margin_phone=\u00bb20px||||false|false\u00bb custom_margin_last_edited=\u00bboff|desktop\u00bb locked=\u00bboff\u00bb global_colors_info=\u00bb{}\u00bb theme_builder_area=\u00bbpost_content\u00bb]<\/p>\n<h4>FUNPROEIB Andes<\/h4>\n<p>[\/et_pb_text][et_pb_text _builder_version=\u00bb4.24.2&#8243; _module_preset=\u00bbc2a3d585-c259-4e5a-8faa-710c0e634348&#8243; text_font=\u00bbRoboto|500|||||||\u00bb text_text_color=\u00bb#FFFFFF\u00bb text_font_size=\u00bb16px\u00bb text_line_height=\u00bb1.6em\u00bb header_5_text_color=\u00bb#FFFFFF\u00bb header_5_line_height=\u00bb1.8em\u00bb text_font_size_tablet=\u00bb15px\u00bb text_font_size_phone=\u00bb14px\u00bb text_font_size_last_edited=\u00bbon|desktop\u00bb header_font_size_tablet=\u00bb55px\u00bb header_font_size_last_edited=\u00bboff|desktop\u00bb locked=\u00bboff\u00bb global_colors_info=\u00bb{}\u00bb theme_builder_area=\u00bbpost_content\u00bb]Fundaci\u00f3n para la Educaci\u00f3n en Contextos de Multiling\u00fcismo y Pluriculturalidad.[\/et_pb_text][\/et_pb_column][et_pb_column type=\u00bb1_4&#8243; _builder_version=\u00bb4.24.2&#8243; _module_preset=\u00bbdefault\u00bb background_color=\u00bb#b67b4f\u00bb background_image=\u00bbhttps:\/\/ww2.funproeibandes.org\/wp-content\/uploads\/2024\/02\/high-school_17.png\u00bb background_size=\u00bbinitial\u00bb background_position=\u00bbtop_right\u00bb background_repeat=\u00bbrepeat-y\u00bb custom_padding=\u00bb40px|40px|40px|20px|true|false\u00bb global_colors_info=\u00bb{}\u00bb theme_builder_area=\u00bbpost_content\u00bb][et_pb_text _builder_version=\u00bb4.24.2&#8243; _module_preset=\u00bb5c989a74-8649-4b9a-a4a2-6d2b8ae2551c\u00bb header_4_font=\u00bbRoboto|700||on|||||\u00bb header_4_text_color=\u00bbrgba(255,255,255,0.5)\u00bb header_4_font_size=\u00bb12px\u00bb header_4_letter_spacing=\u00bb3px\u00bb header_4_line_height=\u00bb1.5em\u00bb custom_margin=\u00bb||0px||false|false\u00bb locked=\u00bboff\u00bb global_colors_info=\u00bb{}\u00bb theme_builder_area=\u00bbpost_content\u00bb]<\/p>\n<h4>Direcci\u00f3n<\/h4>\n<p>[\/et_pb_text][et_pb_text _builder_version=\u00bb4.24.2&#8243; _module_preset=\u00bbc2a3d585-c259-4e5a-8faa-710c0e634348&#8243; text_font=\u00bbRoboto|500|||||||\u00bb text_text_color=\u00bb#FFFFFF\u00bb text_font_size=\u00bb13px\u00bb text_line_height=\u00bb1.6em\u00bb header_5_text_color=\u00bb#FFFFFF\u00bb header_5_line_height=\u00bb1.8em\u00bb text_font_size_tablet=\u00bb15px\u00bb text_font_size_phone=\u00bb14px\u00bb text_font_size_last_edited=\u00bbon|desktop\u00bb header_font_size_tablet=\u00bb55px\u00bb header_font_size_last_edited=\u00bboff|desktop\u00bb locked=\u00bboff\u00bb global_colors_info=\u00bb{}\u00bb theme_builder_area=\u00bbpost_content\u00bb]Calle N\u00e9stor Morales N\u00ba 947<br \/>\n(entre Av. Aniceto Arce y Av. Ram\u00f3n Rivero \u2013 Zona Muyurina)<br \/>\nEdificio Jade 2\u00ba piso[\/et_pb_text][\/et_pb_column][et_pb_column type=\u00bb1_4&#8243; _builder_version=\u00bb4.24.2&#8243; _module_preset=\u00bbdefault\u00bb background_color=\u00bb#c89958&#8243; background_image=\u00bbhttps:\/\/ww2.funproeibandes.org\/wp-content\/uploads\/2024\/02\/high-school_17.png\u00bb background_size=\u00bbinitial\u00bb background_position=\u00bbtop_right\u00bb background_repeat=\u00bbrepeat-y\u00bb custom_padding=\u00bb40px|40px|40px|20px|true|false\u00bb global_colors_info=\u00bb{}\u00bb theme_builder_area=\u00bbpost_content\u00bb][et_pb_text _builder_version=\u00bb4.24.2&#8243; _module_preset=\u00bb5c989a74-8649-4b9a-a4a2-6d2b8ae2551c\u00bb header_4_font=\u00bbRoboto|700||on|||||\u00bb header_4_text_color=\u00bbrgba(255,255,255,0.5)\u00bb header_4_font_size=\u00bb12px\u00bb header_4_letter_spacing=\u00bb3px\u00bb header_4_line_height=\u00bb1.5em\u00bb custom_margin=\u00bb||0px||false|false\u00bb locked=\u00bboff\u00bb global_colors_info=\u00bb{}\u00bb theme_builder_area=\u00bbpost_content\u00bb]<\/p>\n<h4>Correo electr\u00f3nico<\/h4>\n<p>[\/et_pb_text][et_pb_text _builder_version=\u00bb4.24.2&#8243; _module_preset=\u00bbc2a3d585-c259-4e5a-8faa-710c0e634348&#8243; text_font=\u00bbRoboto|500|||||||\u00bb text_text_color=\u00bb#FFFFFF\u00bb text_font_size=\u00bb13px\u00bb text_line_height=\u00bb1.6em\u00bb link_text_color=\u00bb#FFFFFF\u00bb header_5_text_color=\u00bb#FFFFFF\u00bb header_5_line_height=\u00bb1.8em\u00bb text_font_size_tablet=\u00bb15px\u00bb text_font_size_phone=\u00bb14px\u00bb text_font_size_last_edited=\u00bbon|desktop\u00bb header_font_size_tablet=\u00bb55px\u00bb header_font_size_last_edited=\u00bboff|desktop\u00bb locked=\u00bboff\u00bb global_colors_info=\u00bb{}\u00bb theme_builder_area=\u00bbpost_content\u00bb]<\/p>\n<p><a href=\"mailto:fundacion@funproeibandes.org\">fundacion@funproeibandes.org<\/a><\/p>\n<p>[\/et_pb_text][\/et_pb_column][et_pb_column type=\u00bb1_4&#8243; _builder_version=\u00bb4.24.2&#8243; _module_preset=\u00bbdefault\u00bb background_color=\u00bb#e2c57d\u00bb background_image=\u00bbhttps:\/\/ww2.funproeibandes.org\/wp-content\/uploads\/2024\/02\/high-school_17.png\u00bb background_size=\u00bbinitial\u00bb background_position=\u00bbtop_right\u00bb background_repeat=\u00bbrepeat-y\u00bb custom_padding=\u00bb40px|40px|40px|20px|true|false\u00bb global_colors_info=\u00bb{}\u00bb theme_builder_area=\u00bbpost_content\u00bb][et_pb_text _builder_version=\u00bb4.24.2&#8243; _module_preset=\u00bb5c989a74-8649-4b9a-a4a2-6d2b8ae2551c\u00bb text_font=\u00bb||||||||\u00bb header_4_font=\u00bbRoboto|700||on|||||\u00bb header_4_text_color=\u00bbrgba(255,255,255,0.5)\u00bb header_4_font_size=\u00bb12px\u00bb header_4_letter_spacing=\u00bb3px\u00bb header_4_line_height=\u00bb1.5em\u00bb custom_margin=\u00bb||0px||false|false\u00bb custom_margin_last_edited=\u00bboff|desktop\u00bb locked=\u00bboff\u00bb global_colors_info=\u00bb{}\u00bb theme_builder_area=\u00bbpost_content\u00bb]<\/p>\n<h4>Tel\u00e9fonos<\/h4>\n<p>[\/et_pb_text][et_pb_text _builder_version=\u00bb4.24.2&#8243; _module_preset=\u00bbc2a3d585-c259-4e5a-8faa-710c0e634348&#8243; text_font=\u00bbRoboto|500|||||||\u00bb text_text_color=\u00bb#FFFFFF\u00bb text_font_size=\u00bb16px\u00bb text_line_height=\u00bb1.6em\u00bb link_text_color=\u00bb#FFFFFF\u00bb header_5_text_color=\u00bb#FFFFFF\u00bb header_5_line_height=\u00bb1.8em\u00bb text_font_size_tablet=\u00bb15px\u00bb text_font_size_phone=\u00bb14px\u00bb text_font_size_last_edited=\u00bbon|desktop\u00bb header_font_size_tablet=\u00bb55px\u00bb header_font_size_last_edited=\u00bboff|desktop\u00bb locked=\u00bboff\u00bb global_colors_info=\u00bb{}\u00bb theme_builder_area=\u00bbpost_content\u00bb]<\/p>\n<p><span>(591-4) 4530037<\/span><\/p>\n<p>[\/et_pb_text][et_pb_text _builder_version=\u00bb4.24.2&#8243; _module_preset=\u00bbc2a3d585-c259-4e5a-8faa-710c0e634348&#8243; text_font=\u00bbRoboto|500|||||||\u00bb text_text_color=\u00bb#FFFFFF\u00bb text_font_size=\u00bb16px\u00bb text_line_height=\u00bb1.6em\u00bb link_text_color=\u00bb#FFFFFF\u00bb header_5_text_color=\u00bb#FFFFFF\u00bb header_5_line_height=\u00bb1.8em\u00bb text_font_size_tablet=\u00bb15px\u00bb text_font_size_phone=\u00bb14px\u00bb text_font_size_last_edited=\u00bbon|desktop\u00bb header_font_size_tablet=\u00bb55px\u00bb header_font_size_last_edited=\u00bboff|desktop\u00bb locked=\u00bboff\u00bb global_colors_info=\u00bb{}\u00bb theme_builder_area=\u00bbpost_content\u00bb]<\/p>\n<p><span>(591) 77940510<\/span><\/p>\n<p>[\/et_pb_text][\/et_pb_column][\/et_pb_row][et_pb_row column_structure=\u00bb1_3,1_3,1_3&#8243; make_equal=\u00bbon\u00bb _builder_version=\u00bb4.27.4&#8243; _module_preset=\u00bbdefault\u00bb width=\u00bb150px\u00bb max_width=\u00bb150px\u00bb module_alignment=\u00bbright\u00bb min_height=\u00bb100px\u00bb height=\u00bb100px\u00bb max_height=\u00bb100px\u00bb custom_margin=\u00bb||||false|false\u00bb custom_padding=\u00bb|30px||0px|false|false\u00bb global_colors_info=\u00bb{}\u00bb theme_builder_area=\u00bbpost_content\u00bb][et_pb_column type=\u00bb1_3&#8243; _builder_version=\u00bb4.27.4&#8243; _module_preset=\u00bbdefault\u00bb global_colors_info=\u00bb{}\u00bb theme_builder_area=\u00bbpost_content\u00bb][et_pb_image src=\u00bbhttp:\/\/www.funproeibandes.org\/wp-content\/uploads\/2025\/03\/Facebook.png\u00bb title_text=\u00bbFacebook\u00bb url=\u00bbhttps:\/\/www.facebook.com\/FunproeibAndes\u00bb _builder_version=\u00bb4.27.4&#8243; _module_preset=\u00bbdefault\u00bb width=\u00bb90%\u00bb global_colors_info=\u00bb{}\u00bb theme_builder_area=\u00bbpost_content\u00bb][\/et_pb_image][\/et_pb_column][et_pb_column type=\u00bb1_3&#8243; _builder_version=\u00bb4.27.4&#8243; _module_preset=\u00bbdefault\u00bb global_colors_info=\u00bb{}\u00bb theme_builder_area=\u00bbpost_content\u00bb][et_pb_image src=\u00bbhttp:\/\/www.funproeibandes.org\/wp-content\/uploads\/2025\/03\/youtube3.png\u00bb title_text=\u00bbyoutube3&#8243; url=\u00bbhttps:\/\/www.youtube.com\/@funproeibandes3412\/featured\u00bb _builder_version=\u00bb4.27.4&#8243; _module_preset=\u00bbdefault\u00bb width=\u00bb100%\u00bb custom_margin=\u00bb5px||||false|false\u00bb global_colors_info=\u00bb{}\u00bb theme_builder_area=\u00bbpost_content\u00bb][\/et_pb_image][\/et_pb_column][et_pb_column type=\u00bb1_3&#8243; _builder_version=\u00bb4.27.4&#8243; _module_preset=\u00bbdefault\u00bb global_colors_info=\u00bb{}\u00bb theme_builder_area=\u00bbpost_content\u00bb][et_pb_image src=\u00bbhttp:\/\/www.funproeibandes.org\/wp-content\/uploads\/2025\/03\/Tik-tok.png\u00bb title_text=\u00bbTik tok\u00bb url=\u00bbhttps:\/\/www.tiktok.com\/@funproeibandesbolivia?is_from_webapp=1&#038;sender_device=pc\u00bb _builder_version=\u00bb4.27.4&#8243; _module_preset=\u00bbdefault\u00bb width=\u00bb90%\u00bb global_colors_info=\u00bb{}\u00bb theme_builder_area=\u00bbpost_content\u00bb][\/et_pb_image][\/et_pb_column][\/et_pb_row][\/et_pb_section]<\/p>\n","protected":false},"excerpt":{"rendered":"<p>2013 &#8211; 2017Fortalecimiento del Consejo Educativo del Pueblo Afroboliviano (CEPA), de su participaci\u00f3n social, con enfoque de g\u00e9nero y pertinencia sociocultural, y su articulaci\u00f3n al Consejo Nacional del Pueblo Afroboliviano (CONAFRO) (2013-2015), ejecutado con apoyo de SAIH para impulsar procesos de reflexi\u00f3n y aprendizaje en torno a la equidad de g\u00e9nero, la elaboraci\u00f3n de proyectos [&hellip;]<\/p>\n","protected":false},"author":1,"featured_media":0,"parent":0,"menu_order":0,"comment_status":"closed","ping_status":"closed","template":"","meta":{"_et_pb_use_builder":"on","_et_pb_old_content":"","_et_gb_content_width":"","footnotes":""},"class_list":["post-1895","page","type-page","status-publish","hentry"],"_links":{"self":[{"href":"https:\/\/www.funproeibandes.org\/index.php?rest_route=\/wp\/v2\/pages\/1895","targetHints":{"allow":["GET"]}}],"collection":[{"href":"https:\/\/www.funproeibandes.org\/index.php?rest_route=\/wp\/v2\/pages"}],"about":[{"href":"https:\/\/www.funproeibandes.org\/index.php?rest_route=\/wp\/v2\/types\/page"}],"author":[{"embeddable":true,"href":"https:\/\/www.funproeibandes.org\/index.php?rest_route=\/wp\/v2\/users\/1"}],"replies":[{"embeddable":true,"href":"https:\/\/www.funproeibandes.org\/index.php?rest_route=%2Fwp%2Fv2%2Fcomments&post=1895"}],"version-history":[{"count":3,"href":"https:\/\/www.funproeibandes.org\/index.php?rest_route=\/wp\/v2\/pages\/1895\/revisions"}],"predecessor-version":[{"id":2630,"href":"https:\/\/www.funproeibandes.org\/index.php?rest_route=\/wp\/v2\/pages\/1895\/revisions\/2630"}],"wp:attachment":[{"href":"https:\/\/www.funproeibandes.org\/index.php?rest_route=%2Fwp%2Fv2%2Fmedia&parent=1895"}],"curies":[{"name":"wp","href":"https:\/\/api.w.org\/{rel}","templated":true}]}}